{"id":514,"date":"2024-07-05T11:31:46","date_gmt":"2024-07-05T11:31:46","guid":{"rendered":"https:\/\/x-procomplex.pl\/?page_id=514"},"modified":"2024-09-24T13:17:21","modified_gmt":"2024-09-24T13:17:21","slug":"sodowanie","status":"publish","type":"page","link":"https:\/\/x-procomplex.pl\/index.php\/sodowanie\/","title":{"rendered":"Sodowanie"},"content":{"rendered":"\t\t<div data-elementor-type=\"wp-page\" data-elementor-id=\"514\" class=\"elementor elementor-514\">\n\t\t\t\t<div class=\"elementor-element elementor-element-60c7345 e-flex e-con-boxed e-con e-parent\" data-id=\"60c7345\" data-element_type=\"container\">\n\t\t\t\t\t<div class=\"e-con-inner\">\n\t\t\t\t<div class=\"elementor-element elementor-element-7f4f9e8 elementor-invisible elementor-widget elementor-widget-text-editor\" data-id=\"7f4f9e8\" data-element_type=\"widget\" data-settings=\"{&quot;_animation&quot;:&quot;slideInDown&quot;}\" data-widget_type=\"text-editor.default\">\n\t\t\t\t<div class=\"elementor-widget-container\">\n\t\t\t<style>\/*! elementor - v3.22.0 - 26-06-2024 *\/\n.elementor-widget-text-editor.elementor-drop-cap-view-stacked .elementor-drop-cap{background-color:#69727d;color:#fff}.elementor-widget-text-editor.elementor-drop-cap-view-framed .elementor-drop-cap{color:#69727d;border:3px solid;background-color:transparent}.elementor-widget-text-editor:not(.elementor-drop-cap-view-default) .elementor-drop-cap{margin-top:8px}.elementor-widget-text-editor:not(.elementor-drop-cap-view-default) .elementor-drop-cap-letter{width:1em;height:1em}.elementor-widget-text-editor .elementor-drop-cap{float:left;text-align:center;line-height:1;font-size:50px}.elementor-widget-text-editor .elementor-drop-cap-letter{display:inline-block}<\/style>\t\t\t\t<p>Us\u0142ugi sodowania &#8211; Cz\u0119stochowa, Katowice i Okolice<\/p><p>Oferujemy piaskowanie nowej generacji, ekologiczne, szybkie i skuteczne<\/p>\t\t\t\t\t\t<\/div>\n\t\t\t\t<\/div>\n\t\t\t\t\t<\/div>\n\t\t\t\t<\/div>\n\t\t<div class=\"elementor-element elementor-element-1a12015 e-flex e-con-boxed e-con e-parent\" data-id=\"1a12015\" data-element_type=\"container\">\n\t\t\t\t\t<div class=\"e-con-inner\">\n\t\t<div class=\"elementor-element elementor-element-965eae8 e-con-full e-flex e-con e-child\" data-id=\"965eae8\" data-element_type=\"container\">\n\t\t\t\t<div class=\"elementor-element elementor-element-8dc2068 elementor-invisible elementor-widget elementor-widget-text-editor\" data-id=\"8dc2068\" data-element_type=\"widget\" data-settings=\"{&quot;_animation&quot;:&quot;slideInDown&quot;}\" data-widget_type=\"text-editor.default\">\n\t\t\t\t<div class=\"elementor-widget-container\">\n\t\t\t\t\t\t\t<p>Usuwamy<\/p><p>szybko i<\/p><p>skutecznie:<\/p>\t\t\t\t\t\t<\/div>\n\t\t\t\t<\/div>\n\t\t<div class=\"elementor-element elementor-element-76f3168 e-con-full e-flex e-con e-child\" data-id=\"76f3168\" data-element_type=\"container\">\n\t\t\t\t<div class=\"elementor-element elementor-element-f596529 elementor-invisible elementor-widget elementor-widget-image\" data-id=\"f596529\" data-element_type=\"widget\" data-settings=\"{&quot;_animation&quot;:&quot;slideInDown&quot;}\" data-widget_type=\"image.default\">\n\t\t\t\t<div class=\"elementor-widget-container\">\n\t\t\t<style>\/*! elementor - v3.22.0 - 26-06-2024 *\/\n.elementor-widget-image{text-align:center}.elementor-widget-image a{display:inline-block}.elementor-widget-image a img[src$=\".svg\"]{width:48px}.elementor-widget-image img{vertical-align:middle;display:inline-block}<\/style>\t\t\t\t\t\t\t\t\t\t<img fetchpriority=\"high\" decoding=\"async\" width=\"1024\" height=\"461\" src=\"https:\/\/x-procomplex.pl\/wp-content\/uploads\/2024\/09\/20200527_082553-1024x461.jpg\" class=\"elementor-animation-grow attachment-large size-large wp-image-784\" alt=\"\" srcset=\"https:\/\/x-procomplex.pl\/wp-content\/uploads\/2024\/09\/20200527_082553-1024x461.jpg 1024w, https:\/\/x-procomplex.pl\/wp-content\/uploads\/2024\/09\/20200527_082553-300x135.jpg 300w, https:\/\/x-procomplex.pl\/wp-content\/uploads\/2024\/09\/20200527_082553-768x346.jpg 768w, https:\/\/x-procomplex.pl\/wp-content\/uploads\/2024\/09\/20200527_082553-1536x691.jpg 1536w, https:\/\/x-procomplex.pl\/wp-content\/uploads\/2024\/09\/20200527_082553-2048x922.jpg 2048w\" sizes=\"(max-width: 1024px) 100vw, 1024px\" \/>\t\t\t\t\t\t\t\t\t\t\t\t\t<\/div>\n\t\t\t\t<\/div>\n\t\t\t\t<\/div>\n\t\t\t\t<\/div>\n\t\t<div class=\"elementor-element elementor-element-bb12034 e-con-full e-flex e-con e-child\" data-id=\"bb12034\" data-element_type=\"container\">\n\t\t\t\t<div class=\"elementor-element elementor-element-116bfaf elementor-invisible elementor-widget elementor-widget-text-editor\" data-id=\"116bfaf\" data-element_type=\"widget\" data-settings=\"{&quot;_animation&quot;:&quot;slideInDown&quot;}\" data-widget_type=\"text-editor.default\">\n\t\t\t\t<div class=\"elementor-widget-container\">\n\t\t\t\t\t\t\t<p>Wszelkiego rodzaju farby, lakiery, zabrudzenia organiczne, naloty, smary, oleje, sadze po po\u017carze, tynki, graffiti czy rdz\u0119. Nieograniczona ilo\u015b\u0107 mo\u017cliwo\u015bci.<\/p><ul><li><span class=\"elementor-icon-list-text\">Farby na metalach<\/span><\/li><li><i class=\"fas fa-check-circle\" aria-hidden=\"true\"><\/i><span class=\"elementor-icon-list-text\">Lakiery na drewnie<\/span><i class=\"fas fa-check-circle\" aria-hidden=\"true\"><\/i><\/li><li><span class=\"elementor-icon-list-text\">Impregnaty na cegle<\/span><i class=\"fas fa-check-circle\" aria-hidden=\"true\"><\/i><\/li><li><span class=\"elementor-icon-list-text\">Zabezpieczenia antykorozyjne<\/span><i class=\"fas fa-check-circle\" aria-hidden=\"true\"><\/i><\/li><li><span class=\"elementor-icon-list-text\">Zabrudzenia poprodukcyjne w przemy\u015ble<\/span><i class=\"fas fa-check-circle\" aria-hidden=\"true\"><\/i><\/li><li><span class=\"elementor-icon-list-text\">Graffiti z elewacji i szyb<\/span><i class=\"fas fa-check-circle\" aria-hidden=\"true\"><\/i><\/li><li><span class=\"elementor-icon-list-text\">Naloty \u015brodowiskowe po deszczach i \u015bniegu<\/span><i class=\"fas fa-check-circle\" aria-hidden=\"true\"><\/i><\/li><li><span class=\"elementor-icon-list-text\">Sadze po po\u017carach<\/span><i class=\"fas fa-check-circle\" aria-hidden=\"true\"><\/i><\/li><li><span class=\"elementor-icon-list-text\">Rdz\u0119 powierzchniow\u0105 i korozj\u0119<\/span><i class=\"fas fa-check-circle\" aria-hidden=\"true\"><\/i><\/li><li><span class=\"elementor-icon-list-text\">Tynki i reszty tynku<\/span><i class=\"fas fa-check-circle\" aria-hidden=\"true\"><\/i><\/li><li><span class=\"elementor-icon-list-text\">Szare powierzchnie po promieniach UV<\/span><i class=\"fas fa-check-circle\" aria-hidden=\"true\"><\/i><\/li><li><span class=\"elementor-icon-list-text\">Oleje, smary, kleje<\/span><\/li><\/ul>\t\t\t\t\t\t<\/div>\n\t\t\t\t<\/div>\n\t\t\t\t<\/div>\n\t\t\t\t\t<\/div>\n\t\t\t\t<\/div>\n\t\t<div class=\"elementor-element elementor-element-b82c7a5 e-flex e-con-boxed e-con e-parent\" data-id=\"b82c7a5\" data-element_type=\"container\">\n\t\t\t\t\t<div class=\"e-con-inner\">\n\t\t<div class=\"elementor-element elementor-element-49ac1ca e-con-full e-flex e-con e-child\" data-id=\"49ac1ca\" data-element_type=\"container\">\n\t\t\t\t<div class=\"elementor-element elementor-element-46f7717 elementor-invisible elementor-widget elementor-widget-text-editor\" data-id=\"46f7717\" data-element_type=\"widget\" data-settings=\"{&quot;_animation&quot;:&quot;slideInDown&quot;}\" data-widget_type=\"text-editor.default\">\n\t\t\t\t<div class=\"elementor-widget-container\">\n\t\t\t\t\t\t\t<p><strong>Wybierz Sodowanie i ciesz si\u0119 z czystych powierzchni\u00a0<\/strong><\/p><p>Sodowanie to stosunkowo prosta metoda, cho\u0107 wymagaj\u0105ca odpowiedniego sprz\u0119tu. W procesie czyszczenia wykorzystujemy sod\u0119 oczyszczon\u0105, kt\u00f3ra \u2014 rozprowadzana pod ci\u015bnieniem \u2014 doskonale usuwa wszelkiego rodzaju zabrudzenia. Dla wielu klient\u00f3w to w\u0142a\u015bnie uniwersalno\u015b\u0107 stanowi jeden z jej g\u0142\u00f3wnych atut\u00f3w. Korzystaj\u0105c z tej technologii, bez trudu oczy\u015bcisz m.in.:<\/p>\t\t\t\t\t\t<\/div>\n\t\t\t\t<\/div>\n\t\t\t\t<\/div>\n\t\t<div class=\"elementor-element elementor-element-6ac2901 e-con-full e-flex e-con e-child\" data-id=\"6ac2901\" data-element_type=\"container\">\n\t\t\t\t<div class=\"elementor-element elementor-element-1ce051b elementor-invisible elementor-widget elementor-widget-text-editor\" data-id=\"1ce051b\" data-element_type=\"widget\" data-settings=\"{&quot;_animation&quot;:&quot;slideInDown&quot;}\" data-widget_type=\"text-editor.default\">\n\t\t\t\t<div class=\"elementor-widget-container\">\n\t\t\t\t\t\t\t<ul>\n \t<li>elewacje oraz szyby,<\/li>\n \t<li>budynki drewniane,<\/li>\n \t<li>maszyny budowlane,<\/li>\n \t<li>konstrukcje stalowe,<\/li>\n \t<li>pomniki, nagrobki,<\/li>\n \t<li>\u0142odzie, jachty, kajaki.<\/li>\t\t\t\t\t\t<\/div>\n\t\t\t\t<\/div>\n\t\t\t\t<div class=\"elementor-element elementor-element-2c4e8b8 elementor-invisible elementor-widget elementor-widget-text-editor\" data-id=\"2c4e8b8\" data-element_type=\"widget\" data-settings=\"{&quot;_animation&quot;:&quot;slideInDown&quot;}\" data-widget_type=\"text-editor.default\">\n\t\t\t\t<div class=\"elementor-widget-container\">\n\t\t\t\t\t\t\t<p>To oczywi\u015bcie nie wszystko, dlatego, je\u015bli chcesz dowiedzie\u0107 si\u0119 wi\u0119cej \u2014 skontaktuj si\u0119 z nami, a przedstawimy Ci pe\u0142n\u0105 gam\u0119 mo\u017cliwych zastosowa\u0144 tej skutecznej metody.<\/p><h6>\u00a0<\/h6>\t\t\t\t\t\t<\/div>\n\t\t\t\t<\/div>\n\t\t\t\t<\/div>\n\t\t<div class=\"elementor-element elementor-element-70b4134 e-con-full e-flex e-con e-child\" data-id=\"70b4134\" data-element_type=\"container\">\n\t\t\t\t<div class=\"elementor-element elementor-element-72c4f75 elementor-widget__width-initial elementor-invisible elementor-widget elementor-widget-shortcode\" data-id=\"72c4f75\" data-element_type=\"widget\" data-settings=\"{&quot;_animation&quot;:&quot;slideInDown&quot;}\" data-widget_type=\"shortcode.default\">\n\t\t\t\t<div class=\"elementor-widget-container\">\n\t\t\t\t\t<div class=\"elementor-shortcode\">\n\t\t\t\n    <style type=\"text\/css\">\n        .slider-info-791.bafg-slider-info .bafg-slider-title {\n                            font-size:\n                    22px                ;\n            \n            \n                    }\n\n        .slider-info-791.bafg-slider-info .bafg-slider-description {\n            \n            \n                    }\n\n        .slider-info-791.bafg-slider-info .bafg_slider_readmore_button {\n            \n            \n            \n            \n            \n            text-align: center;\n\n            \n            \n            \n            \n            \n            \n                    }\n\n        .slider-info-791.bafg-slider-info .bafg_slider_readmore_button:hover {\n\n            \n            \n                    }\n    <\/style>\n    \n\t\t\t<div class=\"bafg-twentytwenty-container slider-791  \"\n\t\t\t\tbafg-orientation=\"horizontal\" bafg-default-offset=\"0.5\"\n\t\t\t\tbafg-before-label=\"Przed\"\n\t\t\t\tbafg-after-label=\"Po\" bafg-overlay=\"1\"\n\t\t\t\tbafg-move-slider-on-hover=\"\"\n\t\t\t\tbafg-click-to-move=\"\">\n\n\t\t\t\t\t\t\t\t<img class=\"skip-lazy\" data-skip-lazy\t\t\t\t\tsrc=\"https:\/\/x-procomplex.pl\/wp-content\/uploads\/2024\/09\/75534750_3098025146880580_4137900479424233472_o.jpg\" alt=\"Przed\">\n\t\t\t\t<img class=\"skip-lazy\" data-skip-lazy\t\t\t\t\tsrc=\"https:\/\/x-procomplex.pl\/wp-content\/uploads\/2024\/09\/75398317_3098025436880551_8059790797081411584_o.jpg\" alt=\"Po\">\n\n\t\t\t<\/div>\n\n\t\t\t    <div class=\"bafg-slider-info-wraper\">\n        <div style=\"\" class=\"slider-info-791 bafg-slider-info\">\n                    <\/div>\n    <\/div>\n    \n\t\t\t<style type=\"text\/css\">\n\t\t\t\t\t\t\t\t\t\t\t<\/style>\n\t\t\t<\/div>\n\t\t\t\t<\/div>\n\t\t\t\t<\/div>\n\t\t\t\t<\/div>\n\t\t\t\t\t<\/div>\n\t\t\t\t<\/div>\n\t\t<div class=\"elementor-element elementor-element-ad6e337 e-flex e-con-boxed e-con e-parent\" data-id=\"ad6e337\" data-element_type=\"container\">\n\t\t\t\t\t<div class=\"e-con-inner\">\n\t\t\t\t<div class=\"elementor-element elementor-element-45da79a elementor-invisible elementor-widget elementor-widget-text-editor\" data-id=\"45da79a\" data-element_type=\"widget\" data-settings=\"{&quot;_animation&quot;:&quot;slideInDown&quot;}\" data-widget_type=\"text-editor.default\">\n\t\t\t\t<div class=\"elementor-widget-container\">\n\t\t\t\t\t\t\t<p>Je\u015bli zastanawiasz si\u0119, czym tak naprawd\u0119 jest sodowanie \u2014 spieszymy z odpowiedzi\u0105! Ot\u00f3\u017c us\u0142uga sodowanie to nowoczesna metoda czyszczenia, kt\u00f3ra od pewnego czasu podbija szeroko rozumian\u0105 bran\u017c\u0119 us\u0142ug porz\u0105dkowo-czysto\u015bciowych. Jej najwi\u0119ksze zalety to maksymalna skuteczno\u015b\u0107, nieinwazyjno\u015b\u0107 oraz biodegradowalno\u015b\u0107 czy\u015bciwa wykorzystywanego w pracy. Jeste\u015bmy pewni, \u017ce spe\u0142ni ona Twoje oczekiwania \u2014 przekonaj si\u0119 samemu!<\/p>\t\t\t\t\t\t<\/div>\n\t\t\t\t<\/div>\n\t\t\t\t\t<\/div>\n\t\t\t\t<\/div>\n\t\t<div class=\"elementor-element elementor-element-438858c e-grid e-con-boxed e-con e-parent\" data-id=\"438858c\" data-element_type=\"container\">\n\t\t\t\t\t<div class=\"e-con-inner\">\n\t\t\t\t<div class=\"elementor-element elementor-element-55f3a33 elementor-align-right elementor-invisible elementor-widget elementor-widget-button\" data-id=\"55f3a33\" data-element_type=\"widget\" data-settings=\"{&quot;_animation&quot;:&quot;slideInDown&quot;,&quot;_animation_delay&quot;:0}\" data-widget_type=\"button.default\">\n\t\t\t\t<div class=\"elementor-widget-container\">\n\t\t\t\t\t<div class=\"elementor-button-wrapper\">\n\t\t\t<a class=\"elementor-button elementor-button-link elementor-size-sm elementor-animation-grow\" href=\"https:\/\/x-procomplex.pl\/index.php\/galeria\/\">\n\t\t\t\t\t\t<span class=\"elementor-button-content-wrapper\">\n\t\t\t\t\t\t\t\t\t<span class=\"elementor-button-text\">GALERIA<\/span>\n\t\t\t\t\t<\/span>\n\t\t\t\t\t<\/a>\n\t\t<\/div>\n\t\t\t\t<\/div>\n\t\t\t\t<\/div>\n\t\t\t\t<div class=\"elementor-element elementor-element-ae2d229 elementor-align-left elementor-invisible elementor-widget elementor-widget-button\" data-id=\"ae2d229\" data-element_type=\"widget\" data-settings=\"{&quot;_animation&quot;:&quot;slideInDown&quot;,&quot;_animation_delay&quot;:0}\" data-widget_type=\"button.default\">\n\t\t\t\t<div class=\"elementor-widget-container\">\n\t\t\t\t\t<div class=\"elementor-button-wrapper\">\n\t\t\t<a class=\"elementor-button elementor-button-link elementor-size-sm elementor-animation-grow\" href=\"https:\/\/x-procomplex.pl\/index.php\/kontakt\/\">\n\t\t\t\t\t\t<span class=\"elementor-button-content-wrapper\">\n\t\t\t\t\t\t\t\t\t<span class=\"elementor-button-text\">KONTAKT<\/span>\n\t\t\t\t\t<\/span>\n\t\t\t\t\t<\/a>\n\t\t<\/div>\n\t\t\t\t<\/div>\n\t\t\t\t<\/div>\n\t\t\t\t\t<\/div>\n\t\t\t\t<\/div>\n\t\t\t\t<\/div>\n\t\t","protected":false},"excerpt":{"rendered":"<p>Us\u0142ugi sodowania &#8211; Cz\u0119stochowa, Katowice i Okolice Oferujemy piaskowanie nowej generacji, ekologiczne, szybkie i skuteczne Usuwamy szybko i skutecznie: Wszelkiego [&hellip;]<\/p>\n","protected":false},"author":1,"featured_media":0,"parent":0,"menu_order":0,"comment_status":"closed","ping_status":"closed","template":"","meta":{"site-sidebar-layout":"no-sidebar","site-content-layout":"","ast-site-content-layout":"full-width-container","site-content-style":"default","site-sidebar-style":"default","ast-global-header-display":"","ast-banner-title-visibility":"","ast-main-header-display":"","ast-hfb-above-header-display":"","ast-hfb-below-header-display":"","ast-hfb-mobile-header-display":"","site-post-title":"disabled","ast-breadcrumbs-content":"","ast-featured-img":"disabled","footer-sml-layout":"","theme-transparent-header-meta":"","adv-header-id-meta":"","stick-header-meta":"","header-above-stick-meta":"","header-main-stick-meta":"","header-below-stick-meta":"","astra-migrate-meta-layouts":"default","ast-page-background-enabled":"default","ast-page-background-meta":{"desktop":{"background-color":"var(--ast-global-color-4)","background-image":"","background-repeat":"repeat","background-position":"center center","background-size":"auto","background-attachment":"scroll","background-type":"","background-media":"","overlay-type":"","overlay-color":"","overlay-opacity":"","overlay-gradient":""},"tablet":{"background-color":"","background-image":"","background-repeat":"repeat","background-position":"center center","background-size":"auto","background-attachment":"scroll","background-type":"","background-media":"","overlay-type":"","overlay-color":"","overlay-opacity":"","overlay-gradient":""},"mobile":{"background-color":"","background-image":"","background-repeat":"repeat","background-position":"center center","background-size":"auto","background-attachment":"scroll","background-type":"","background-media":"","overlay-type":"","overlay-color":"","overlay-opacity":"","overlay-gradient":""}},"ast-content-background-meta":{"desktop":{"background-color":"var(--ast-global-color-5)","background-image":"","background-repeat":"repeat","background-position":"center center","background-size":"auto","background-attachment":"scroll","background-type":"","background-media":"","overlay-type":"","overlay-color":"","overlay-opacity":"","overlay-gradient":""},"tablet":{"background-color":"var(--ast-global-color-5)","background-image":"","background-repeat":"repeat","background-position":"center center","background-size":"auto","background-attachment":"scroll","background-type":"","background-media":"","overlay-type":"","overlay-color":"","overlay-opacity":"","overlay-gradient":""},"mobile":{"background-color":"var(--ast-global-color-5)","background-image":"","background-repeat":"repeat","background-position":"center center","background-size":"auto","background-attachment":"scroll","background-type":"","background-media":"","overlay-type":"","overlay-color":"","overlay-opacity":"","overlay-gradient":""}},"footnotes":""},"class_list":["post-514","page","type-page","status-publish","hentry"],"_links":{"self":[{"href":"https:\/\/x-procomplex.pl\/index.php\/wp-json\/wp\/v2\/pages\/514","targetHints":{"allow":["GET"]}}],"collection":[{"href":"https:\/\/x-procomplex.pl\/index.php\/wp-json\/wp\/v2\/pages"}],"about":[{"href":"https:\/\/x-procomplex.pl\/index.php\/wp-json\/wp\/v2\/types\/page"}],"author":[{"embeddable":true,"href":"https:\/\/x-procomplex.pl\/index.php\/wp-json\/wp\/v2\/users\/1"}],"replies":[{"embeddable":true,"href":"https:\/\/x-procomplex.pl\/index.php\/wp-json\/wp\/v2\/comments?post=514"}],"version-history":[{"count":31,"href":"https:\/\/x-procomplex.pl\/index.php\/wp-json\/wp\/v2\/pages\/514\/revisions"}],"predecessor-version":[{"id":815,"href":"https:\/\/x-procomplex.pl\/index.php\/wp-json\/wp\/v2\/pages\/514\/revisions\/815"}],"wp:attachment":[{"href":"https:\/\/x-procomplex.pl\/index.php\/wp-json\/wp\/v2\/media?parent=514"}],"curies":[{"name":"wp","href":"https:\/\/api.w.org\/{rel}","templated":true}]}}