{"id":513,"date":"2024-07-05T11:31:46","date_gmt":"2024-07-05T11:31:46","guid":{"rendered":"https:\/\/x-procomplex.pl\/?page_id=513"},"modified":"2024-09-24T13:17:04","modified_gmt":"2024-09-24T13:17:04","slug":"uslugi-remontowe","status":"publish","type":"page","link":"https:\/\/x-procomplex.pl\/index.php\/uslugi-remontowe\/","title":{"rendered":"Us\u0142ugi remontowe"},"content":{"rendered":"\t\t<div data-elementor-type=\"wp-page\" data-elementor-id=\"513\" class=\"elementor elementor-513\">\n\t\t\t\t<div class=\"elementor-element elementor-element-06fa81d e-flex e-con-boxed e-con e-parent\" data-id=\"06fa81d\" data-element_type=\"container\">\n\t\t\t\t\t<div class=\"e-con-inner\">\n\t\t\t\t<div class=\"elementor-element elementor-element-e3ab4a9 elementor-widget elementor-widget-spacer\" data-id=\"e3ab4a9\" data-element_type=\"widget\" data-widget_type=\"spacer.default\">\n\t\t\t\t<div class=\"elementor-widget-container\">\n\t\t\t<style>\/*! elementor - v3.22.0 - 26-06-2024 *\/\n.elementor-column .elementor-spacer-inner{height:var(--spacer-size)}.e-con{--container-widget-width:100%}.e-con-inner>.elementor-widget-spacer,.e-con>.elementor-widget-spacer{width:var(--container-widget-width,var(--spacer-size));--align-self:var(--container-widget-align-self,initial);--flex-shrink:0}.e-con-inner>.elementor-widget-spacer>.elementor-widget-container,.e-con>.elementor-widget-spacer>.elementor-widget-container{height:100%;width:100%}.e-con-inner>.elementor-widget-spacer>.elementor-widget-container>.elementor-spacer,.e-con>.elementor-widget-spacer>.elementor-widget-container>.elementor-spacer{height:100%}.e-con-inner>.elementor-widget-spacer>.elementor-widget-container>.elementor-spacer>.elementor-spacer-inner,.e-con>.elementor-widget-spacer>.elementor-widget-container>.elementor-spacer>.elementor-spacer-inner{height:var(--container-widget-height,var(--spacer-size))}.e-con-inner>.elementor-widget-spacer.elementor-widget-empty,.e-con>.elementor-widget-spacer.elementor-widget-empty{position:relative;min-height:22px;min-width:22px}.e-con-inner>.elementor-widget-spacer.elementor-widget-empty .elementor-widget-empty-icon,.e-con>.elementor-widget-spacer.elementor-widget-empty .elementor-widget-empty-icon{position:absolute;top:0;bottom:0;left:0;right:0;margin:auto;padding:0;width:22px;height:22px}<\/style>\t\t<div class=\"elementor-spacer\">\n\t\t\t<div class=\"elementor-spacer-inner\"><\/div>\n\t\t<\/div>\n\t\t\t\t<\/div>\n\t\t\t\t<\/div>\n\t\t\t\t\t<\/div>\n\t\t\t\t<\/div>\n\t\t<div class=\"elementor-element elementor-element-94589aa e-grid e-con-boxed e-con e-parent\" data-id=\"94589aa\" data-element_type=\"container\">\n\t\t\t\t\t<div class=\"e-con-inner\">\n\t\t\t\t<div class=\"elementor-element elementor-element-570187b elementor-invisible elementor-widget elementor-widget-text-editor\" data-id=\"570187b\" data-element_type=\"widget\" data-settings=\"{&quot;_animation&quot;:&quot;slideInDown&quot;}\" data-widget_type=\"text-editor.default\">\n\t\t\t\t<div class=\"elementor-widget-container\">\n\t\t\t<style>\/*! elementor - v3.22.0 - 26-06-2024 *\/\n.elementor-widget-text-editor.elementor-drop-cap-view-stacked .elementor-drop-cap{background-color:#69727d;color:#fff}.elementor-widget-text-editor.elementor-drop-cap-view-framed .elementor-drop-cap{color:#69727d;border:3px solid;background-color:transparent}.elementor-widget-text-editor:not(.elementor-drop-cap-view-default) .elementor-drop-cap{margin-top:8px}.elementor-widget-text-editor:not(.elementor-drop-cap-view-default) .elementor-drop-cap-letter{width:1em;height:1em}.elementor-widget-text-editor .elementor-drop-cap{float:left;text-align:center;line-height:1;font-size:50px}.elementor-widget-text-editor .elementor-drop-cap-letter{display:inline-block}<\/style>\t\t\t\t<p><strong>Us\u0142ugi Remontowo-Wyko\u0144czeniowe<\/strong><\/p>\t\t\t\t\t\t<\/div>\n\t\t\t\t<\/div>\n\t\t\t\t<div class=\"elementor-element elementor-element-5b6bf7e elementor-invisible elementor-widget elementor-widget-text-editor\" data-id=\"5b6bf7e\" data-element_type=\"widget\" data-settings=\"{&quot;_animation&quot;:&quot;slideInDown&quot;}\" data-widget_type=\"text-editor.default\">\n\t\t\t\t<div class=\"elementor-widget-container\">\n\t\t\t\t\t\t\t<p>\u00a0<\/p><p><strong>Wykonujemy Us\u0142ugi w pe\u0142nym zakresie od A do Z<\/strong><\/p>\t\t\t\t\t\t<\/div>\n\t\t\t\t<\/div>\n\t\t\t\t\t<\/div>\n\t\t\t\t<\/div>\n\t\t<div class=\"elementor-element elementor-element-493ea3a e-grid e-con-boxed e-con e-parent\" data-id=\"493ea3a\" data-element_type=\"container\">\n\t\t\t\t\t<div class=\"e-con-inner\">\n\t\t\t\t<div class=\"elementor-element elementor-element-bd71380 elementor-invisible elementor-widget elementor-widget-text-editor\" data-id=\"bd71380\" data-element_type=\"widget\" data-settings=\"{&quot;_animation&quot;:&quot;slideInDown&quot;,&quot;_animation_delay&quot;:0}\" data-widget_type=\"text-editor.default\">\n\t\t\t\t<div class=\"elementor-widget-container\">\n\t\t\t\t\t\t\t<p><strong>Wykonujemy takie instalacje jak:<\/strong><\/p><p><strong>Instalacje hydrauliczne<\/strong><\/p><ul><li>monta\u017c urz\u0105dze\u0144 sanitarnych<\/li><li>ogrzewanie pod\u0142ogowe (r\u00f3wnie\u017c elektryczne)<\/li><li>instalacje kanalizacyjne<\/li><li>gazowe (przy\u0142\u0105cze gazowe instalacja wewn\u0105trz budynku)<\/li><\/ul><p><strong>Instalacje elektryczne<\/strong><\/p><ul><li>inteligentne domy<\/li><li>wykonanie przy\u0142\u0105czy<\/li><li>monta\u017c o\u015bwietlenia (w tym led technologia RGB)<\/li><li>monta\u017c ogrzewania elektrycznego (podczerwie\u0144)<\/li><\/ul><p><strong>Monta\u017c komink\u00f3w wraz z ogrzewaniem kana\u0142owym<\/strong><\/p>\t\t\t\t\t\t<\/div>\n\t\t\t\t<\/div>\n\t\t\t\t<div class=\"elementor-element elementor-element-54e363b elementor-invisible elementor-widget elementor-widget-image\" data-id=\"54e363b\" data-element_type=\"widget\" data-settings=\"{&quot;_animation&quot;:&quot;slideInDown&quot;,&quot;_animation_delay&quot;:0}\" data-widget_type=\"image.default\">\n\t\t\t\t<div class=\"elementor-widget-container\">\n\t\t\t<style>\/*! elementor - v3.22.0 - 26-06-2024 *\/\n.elementor-widget-image{text-align:center}.elementor-widget-image a{display:inline-block}.elementor-widget-image a img[src$=\".svg\"]{width:48px}.elementor-widget-image img{vertical-align:middle;display:inline-block}<\/style>\t\t\t\t\t\t\t\t\t\t<img fetchpriority=\"high\" decoding=\"async\" width=\"2048\" height=\"1536\" src=\"https:\/\/x-procomplex.pl\/wp-content\/uploads\/2024\/09\/IMG_20220311_133326-2048x1536.jpg\" class=\"elementor-animation-grow attachment-2048x2048 size-2048x2048 wp-image-716\" alt=\"\" srcset=\"https:\/\/x-procomplex.pl\/wp-content\/uploads\/2024\/09\/IMG_20220311_133326-2048x1536.jpg 2048w, https:\/\/x-procomplex.pl\/wp-content\/uploads\/2024\/09\/IMG_20220311_133326-300x225.jpg 300w, https:\/\/x-procomplex.pl\/wp-content\/uploads\/2024\/09\/IMG_20220311_133326-1024x768.jpg 1024w, https:\/\/x-procomplex.pl\/wp-content\/uploads\/2024\/09\/IMG_20220311_133326-768x576.jpg 768w, https:\/\/x-procomplex.pl\/wp-content\/uploads\/2024\/09\/IMG_20220311_133326-1536x1152.jpg 1536w\" sizes=\"(max-width: 2048px) 100vw, 2048px\" \/>\t\t\t\t\t\t\t\t\t\t\t\t\t<\/div>\n\t\t\t\t<\/div>\n\t\t\t\t\t<\/div>\n\t\t\t\t<\/div>\n\t\t<div class=\"elementor-element elementor-element-a918736 e-grid e-con-boxed e-con e-parent\" data-id=\"a918736\" data-element_type=\"container\">\n\t\t\t\t\t<div class=\"e-con-inner\">\n\t\t\t\t<div class=\"elementor-element elementor-element-72072d1 elementor-invisible elementor-widget elementor-widget-image\" data-id=\"72072d1\" data-element_type=\"widget\" data-settings=\"{&quot;_animation&quot;:&quot;slideInDown&quot;,&quot;_animation_delay&quot;:0}\" data-widget_type=\"image.default\">\n\t\t\t\t<div class=\"elementor-widget-container\">\n\t\t\t\t\t\t\t\t\t\t\t\t\t<img decoding=\"async\" width=\"2048\" height=\"1536\" src=\"https:\/\/x-procomplex.pl\/wp-content\/uploads\/2024\/09\/IMG_20211005_142837-2048x1536.jpg\" class=\"elementor-animation-grow attachment-2048x2048 size-2048x2048 wp-image-718\" alt=\"\" srcset=\"https:\/\/x-procomplex.pl\/wp-content\/uploads\/2024\/09\/IMG_20211005_142837-2048x1536.jpg 2048w, https:\/\/x-procomplex.pl\/wp-content\/uploads\/2024\/09\/IMG_20211005_142837-300x225.jpg 300w, https:\/\/x-procomplex.pl\/wp-content\/uploads\/2024\/09\/IMG_20211005_142837-1024x768.jpg 1024w, https:\/\/x-procomplex.pl\/wp-content\/uploads\/2024\/09\/IMG_20211005_142837-768x576.jpg 768w, https:\/\/x-procomplex.pl\/wp-content\/uploads\/2024\/09\/IMG_20211005_142837-1536x1152.jpg 1536w\" sizes=\"(max-width: 2048px) 100vw, 2048px\" \/>\t\t\t\t\t\t\t\t\t\t\t\t\t<\/div>\n\t\t\t\t<\/div>\n\t\t\t\t<div class=\"elementor-element elementor-element-a944c7b elementor-invisible elementor-widget elementor-widget-text-editor\" data-id=\"a944c7b\" data-element_type=\"widget\" data-settings=\"{&quot;_animation&quot;:&quot;slideInDown&quot;,&quot;_animation_delay&quot;:0}\" data-widget_type=\"text-editor.default\">\n\t\t\t\t<div class=\"elementor-widget-container\">\n\t\t\t\t\t\t\t<p><strong>Wykonujemy wyko\u0144czenia wn\u0119trz w zakresie:<\/strong><\/p><ul><li><strong>prace posadzkarskie<\/strong><\/li><li><strong>prace tynkarskie (tynki dekoracyjne: beton architektoniczny, stiuk, trawertyn i wiele innych)<\/strong><\/li><li><strong>zabudowy w technologi gips-karton<\/strong><\/li><li><strong>uk\u0142adanie glazury<\/strong><\/li><li><strong>uk\u0142adanie terakoty<\/strong><\/li><li><strong>wyko\u0144czenie pod\u0142\u00f3g<\/strong><\/li><li><strong>malowanie<\/strong><\/li><li><strong>tapetowanie<\/strong><\/li><li><strong>tynki maszynowe agregatem<\/strong><\/li><li><strong>sufity podwieszane (wielopoziomowe)<\/strong><\/li><\/ul>\t\t\t\t\t\t<\/div>\n\t\t\t\t<\/div>\n\t\t\t\t\t<\/div>\n\t\t\t\t<\/div>\n\t\t<div class=\"elementor-element elementor-element-df1e753 e-grid e-con-boxed e-con e-parent\" data-id=\"df1e753\" data-element_type=\"container\">\n\t\t\t\t\t<div class=\"e-con-inner\">\n\t\t\t\t<div class=\"elementor-element elementor-element-122e0fc elementor-align-right elementor-invisible elementor-widget elementor-widget-button\" data-id=\"122e0fc\" data-element_type=\"widget\" data-settings=\"{&quot;_animation&quot;:&quot;slideInDown&quot;,&quot;_animation_delay&quot;:0}\" data-widget_type=\"button.default\">\n\t\t\t\t<div class=\"elementor-widget-container\">\n\t\t\t\t\t<div class=\"elementor-button-wrapper\">\n\t\t\t<a class=\"elementor-button elementor-button-link elementor-size-sm elementor-animation-grow\" href=\"https:\/\/x-procomplex.pl\/index.php\/galeria\/\">\n\t\t\t\t\t\t<span class=\"elementor-button-content-wrapper\">\n\t\t\t\t\t\t\t\t\t<span class=\"elementor-button-text\">GALERIA<\/span>\n\t\t\t\t\t<\/span>\n\t\t\t\t\t<\/a>\n\t\t<\/div>\n\t\t\t\t<\/div>\n\t\t\t\t<\/div>\n\t\t\t\t<div class=\"elementor-element elementor-element-3ef0045 elementor-align-left elementor-invisible elementor-widget elementor-widget-button\" data-id=\"3ef0045\" data-element_type=\"widget\" data-settings=\"{&quot;_animation&quot;:&quot;slideInDown&quot;,&quot;_animation_delay&quot;:0}\" data-widget_type=\"button.default\">\n\t\t\t\t<div class=\"elementor-widget-container\">\n\t\t\t\t\t<div class=\"elementor-button-wrapper\">\n\t\t\t<a class=\"elementor-button elementor-button-link elementor-size-sm elementor-animation-grow\" href=\"https:\/\/x-procomplex.pl\/index.php\/kontakt\/\">\n\t\t\t\t\t\t<span class=\"elementor-button-content-wrapper\">\n\t\t\t\t\t\t\t\t\t<span class=\"elementor-button-text\">KONTAKT<\/span>\n\t\t\t\t\t<\/span>\n\t\t\t\t\t<\/a>\n\t\t<\/div>\n\t\t\t\t<\/div>\n\t\t\t\t<\/div>\n\t\t\t\t\t<\/div>\n\t\t\t\t<\/div>\n\t\t\t\t<\/div>\n\t\t","protected":false},"excerpt":{"rendered":"<p>Us\u0142ugi Remontowo-Wyko\u0144czeniowe \u00a0 Wykonujemy Us\u0142ugi w pe\u0142nym zakresie od A do Z Wykonujemy takie instalacje jak: Instalacje hydrauliczne monta\u017c urz\u0105dze\u0144 [&hellip;]<\/p>\n","protected":false},"author":1,"featured_media":0,"parent":0,"menu_order":0,"comment_status":"closed","ping_status":"closed","template":"","meta":{"site-sidebar-layout":"no-sidebar","site-content-layout":"","ast-site-content-layout":"full-width-container","site-content-style":"default","site-sidebar-style":"default","ast-global-header-display":"","ast-banner-title-visibility":"","ast-main-header-display":"","ast-hfb-above-header-display":"","ast-hfb-below-header-display":"","ast-hfb-mobile-header-display":"","site-post-title":"disabled","ast-breadcrumbs-content":"","ast-featured-img":"disabled","footer-sml-layout":"","theme-transparent-header-meta":"","adv-header-id-meta":"","stick-header-meta":"","header-above-stick-meta":"","header-main-stick-meta":"","header-below-stick-meta":"","astra-migrate-meta-layouts":"default","ast-page-background-enabled":"default","ast-page-background-meta":{"desktop":{"background-color":"var(--ast-global-color-4)","background-image":"","background-repeat":"repeat","background-position":"center center","background-size":"auto","background-attachment":"scroll","background-type":"","background-media":"","overlay-type":"","overlay-color":"","overlay-opacity":"","overlay-gradient":""},"tablet":{"background-color":"","background-image":"","background-repeat":"repeat","background-position":"center center","background-size":"auto","background-attachment":"scroll","background-type":"","background-media":"","overlay-type":"","overlay-color":"","overlay-opacity":"","overlay-gradient":""},"mobile":{"background-color":"","background-image":"","background-repeat":"repeat","background-position":"center center","background-size":"auto","background-attachment":"scroll","background-type":"","background-media":"","overlay-type":"","overlay-color":"","overlay-opacity":"","overlay-gradient":""}},"ast-content-background-meta":{"desktop":{"background-color":"var(--ast-global-color-5)","background-image":"","background-repeat":"repeat","background-position":"center center","background-size":"auto","background-attachment":"scroll","background-type":"","background-media":"","overlay-type":"","overlay-color":"","overlay-opacity":"","overlay-gradient":""},"tablet":{"background-color":"var(--ast-global-color-5)","background-image":"","background-repeat":"repeat","background-position":"center center","background-size":"auto","background-attachment":"scroll","background-type":"","background-media":"","overlay-type":"","overlay-color":"","overlay-opacity":"","overlay-gradient":""},"mobile":{"background-color":"var(--ast-global-color-5)","background-image":"","background-repeat":"repeat","background-position":"center center","background-size":"auto","background-attachment":"scroll","background-type":"","background-media":"","overlay-type":"","overlay-color":"","overlay-opacity":"","overlay-gradient":""}},"footnotes":""},"class_list":["post-513","page","type-page","status-publish","hentry"],"_links":{"self":[{"href":"https:\/\/x-procomplex.pl\/index.php\/wp-json\/wp\/v2\/pages\/513","targetHints":{"allow":["GET"]}}],"collection":[{"href":"https:\/\/x-procomplex.pl\/index.php\/wp-json\/wp\/v2\/pages"}],"about":[{"href":"https:\/\/x-procomplex.pl\/index.php\/wp-json\/wp\/v2\/types\/page"}],"author":[{"embeddable":true,"href":"https:\/\/x-procomplex.pl\/index.php\/wp-json\/wp\/v2\/users\/1"}],"replies":[{"embeddable":true,"href":"https:\/\/x-procomplex.pl\/index.php\/wp-json\/wp\/v2\/comments?post=513"}],"version-history":[{"count":23,"href":"https:\/\/x-procomplex.pl\/index.php\/wp-json\/wp\/v2\/pages\/513\/revisions"}],"predecessor-version":[{"id":1489,"href":"https:\/\/x-procomplex.pl\/index.php\/wp-json\/wp\/v2\/pages\/513\/revisions\/1489"}],"wp:attachment":[{"href":"https:\/\/x-procomplex.pl\/index.php\/wp-json\/wp\/v2\/media?parent=513"}],"curies":[{"name":"wp","href":"https:\/\/api.w.org\/{rel}","templated":true}]}}